{"id":161,"date":"2013-10-01T21:57:44","date_gmt":"2013-10-01T21:57:44","guid":{"rendered":"http:\/\/mobili.webbudesign.com\/?page_id=161"},"modified":"2024-03-04T16:34:13","modified_gmt":"2024-03-04T16:34:13","slug":"contact-us","status":"publish","type":"page","link":"https:\/\/www.kinderarzt-leoben.at\/mobile\/?page_id=161","title":{"rendered":"Kontakt"},"content":{"rendered":"<div style=\"height:20px;display:block;width:100%\"><\/div><br class=\"ws\" \/><div class=\"wmffcontainer\"><div class=\"wmffrow\"><div class=\"wmffcol-lg-12\"><iframe width=\"100%\" height=\"250\" frameborder=\"0\" scrolling=\"no\" marginheight=\"0\" marginwidth=\"0\" src=\"http:\/\/maps.google.com\/maps?q=47.381676,15.091754&amp;mrt=websearch&amp;view=map&amp;z=14&amp;t=m&amp;output=embed&amp;iwloc=near\"><\/iframe><\/div><\/div><\/div>\n<div class=\"wmffcontainer\"><div class=\"wmffrow\">\n<div class=\"wmffcol-lg-12\">\n<div class=\"wmf_separator separator_left \"><div style=\"font-size:14px\">Adresse &amp; Telefon<\/div><\/div>\n<p><strong>Addresse:<\/strong>\u00a0 Erzherzog-Johann-Stra\u00dfe 9, 8700 Leoben, Austria<br \/>\n<br \/>\n<strong>Telefon:<\/strong>\u00a0<a href=\"tel:+43 3842 47993\">+43\/(0)3842 47993<\/a><\/p>\n<p><strong>Fax:<\/strong>\u00a0+43\/(0)3842 47993-4<\/p>\n<div class=\"wmf_separator separator_left \"><div style=\"font-size:14px\">Terminvereinbarung &#8211; Formular<\/div><\/div>\n<p style=\"text-align: justify;\">Hier haben Sie die M\u00f6glichkeit Ihre Telefonnummer bekannt zu geben. In dringenden F\u00e4llen, wenn das Mail w\u00e4hrend der Ordinationszeit eintriftt, rufen wir\u00a0 Sie am selben Tag zur\u00fcck, sonst\u00a0 verl\u00e4sslich innerhalb von 2 Werktagen.\u00a0 Darunter k\u00f6nnen Sie uns weitere Informationen bekannt geben. Wir m\u00f6chten darauf hinweisen, dass dieses Kontaktformular weder f\u00fcr Ferndiagnosen noch als Hilfe bei Akutf\u00e4llen geeignet ist. Bei Notf\u00e4llen alarmieren Sie die Rettung oder suchen Sie umgehend ein Krankenhaus auf!<\/p>\n<p>\n<div class=\"wpcf7 no-js\" id=\"wpcf7-f1142-o1\" lang=\"de-DE\" dir=\"ltr\">\n<div class=\"screen-reader-response\"><p role=\"status\" aria-live=\"polite\" aria-atomic=\"true\"><\/p> <ul><\/ul><\/div>\n<form action=\"\/mobile\/index.php?rest_route=%2Fwp%2Fv2%2Fpages%2F161#wpcf7-f1142-o1\" method=\"post\" class=\"wpcf7-form init\" aria-label=\"Kontaktformular\" novalidate=\"novalidate\" data-status=\"init\">\n<div style=\"display: none;\">\n<input type=\"hidden\" name=\"_wpcf7\" value=\"1142\" \/>\n<input type=\"hidden\" name=\"_wpcf7_version\" value=\"5.8.2\" \/>\n<input type=\"hidden\" name=\"_wpcf7_locale\" value=\"de_DE\" \/>\n<input type=\"hidden\" name=\"_wpcf7_unit_tag\" value=\"wpcf7-f1142-o1\" \/>\n<input type=\"hidden\" name=\"_wpcf7_container_post\" value=\"0\" \/>\n<input type=\"hidden\" name=\"_wpcf7_posted_data_hash\" value=\"\" \/>\n<\/div>\n<p>Ihr Name (Pflicht)\n<\/p>\n<p><span class=\"wpcf7-form-control-wrap\" data-name=\"your-name\"><input size=\"40\" class=\"wpcf7-form-control wpcf7-text wpcf7-validates-as-required\" aria-required=\"true\" aria-invalid=\"false\" value=\"\" type=\"text\" name=\"your-name\" \/><\/span>\n<\/p>\n<p>Ihre Email (Pflicht)\n<\/p>\n<p><span class=\"wpcf7-form-control-wrap\" data-name=\"your-email\"><input size=\"40\" class=\"wpcf7-form-control wpcf7-email wpcf7-validates-as-required wpcf7-text wpcf7-validates-as-email\" aria-required=\"true\" aria-invalid=\"false\" value=\"\" type=\"email\" name=\"your-email\" \/><\/span>\n<\/p>\n<p> Ihre Telefonnummer (Pflicht)\n<\/p>\n<p><span class=\"wpcf7-form-control-wrap\" data-name=\"your-phone\"><input size=\"40\" class=\"wpcf7-form-control wpcf7-tel wpcf7-validates-as-required wpcf7-text wpcf7-validates-as-tel\" aria-required=\"true\" aria-invalid=\"false\" value=\"\" type=\"tel\" name=\"your-phone\" \/><\/span>\n<\/p>\n<p>Ihre Nachricht\n<\/p>\n<p><span class=\"wpcf7-form-control-wrap\" data-name=\"your-message\"><textarea cols=\"40\" rows=\"10\" class=\"wpcf7-form-control wpcf7-textarea\" aria-invalid=\"false\" name=\"your-message\"><\/textarea><\/span>\n<\/p>\n<p><span class=\"wpcf7-form-control-wrap\" data-name=\"DSGVO\"><span class=\"wpcf7-form-control wpcf7-checkbox wpcf7-validates-as-required\"><span class=\"wpcf7-list-item first last\"><input type=\"checkbox\" name=\"DSGVO[]\" value=\"Ich habe die Datenschutzerkl\u00e4rung gelesen und akzeptiere die Verarbeitung meiner Daten.\" \/><span class=\"wpcf7-list-item-label\">Ich habe die Datenschutzerkl\u00e4rung gelesen und akzeptiere die Verarbeitung meiner Daten.<\/span><\/span><\/span><\/span><a href=\"http:\/\/www.kinderarzt-leoben.at\/mobile\/?page_id=1208\">DATENSCHUTZERKL\u00c4RUNG<\/a>\n<\/p>\n<p><input class=\"wpcf7-form-control wpcf7-submit has-spinner\" type=\"submit\" value=\"Senden\" \/>\n<\/p><div class=\"wpcf7-response-output\" aria-hidden=\"true\"><\/div>\n<\/form>\n<\/div>\n<\/p>\n<p style=\"text-align: justify;\"><em><strong>\u00a0<\/strong><\/em><\/p>\n<\/div>\n<\/div><\/div>\n","protected":false},"excerpt":{"rendered":"","protected":false},"author":3,"featured_media":0,"parent":0,"menu_order":0,"comment_status":"open","ping_status":"open","template":"","meta":[],"acf":[],"_links":{"self":[{"href":"https:\/\/www.kinderarzt-leoben.at\/mobile\/index.php?rest_route=\/wp\/v2\/pages\/161"}],"collection":[{"href":"https:\/\/www.kinderarzt-leoben.at\/mobile\/index.php?rest_route=\/wp\/v2\/pages"}],"about":[{"href":"https:\/\/www.kinderarzt-leoben.at\/mobile\/index.php?rest_route=\/wp\/v2\/types\/page"}],"author":[{"embeddable":true,"href":"https:\/\/www.kinderarzt-leoben.at\/mobile\/index.php?rest_route=\/wp\/v2\/users\/3"}],"replies":[{"embeddable":true,"href":"https:\/\/www.kinderarzt-leoben.at\/mobile\/index.php?rest_route=%2Fwp%2Fv2%2Fcomments&post=161"}],"version-history":[{"count":28,"href":"https:\/\/www.kinderarzt-leoben.at\/mobile\/index.php?rest_route=\/wp\/v2\/pages\/161\/revisions"}],"predecessor-version":[{"id":1427,"href":"https:\/\/www.kinderarzt-leoben.at\/mobile\/index.php?rest_route=\/wp\/v2\/pages\/161\/revisions\/1427"}],"wp:attachment":[{"href":"https:\/\/www.kinderarzt-leoben.at\/mobile\/index.php?rest_route=%2Fwp%2Fv2%2Fmedia&parent=161"}],"curies":[{"name":"wp","href":"https:\/\/api.w.org\/{rel}","templated":true}]}}