{"id":128,"date":"2013-10-01T21:52:55","date_gmt":"2013-10-01T21:52:55","guid":{"rendered":"http:\/\/mobili.webbudesign.com\/?page_id=128"},"modified":"2025-04-23T08:34:13","modified_gmt":"2025-04-23T08:34:13","slug":"elements-2","status":"publish","type":"page","link":"https:\/\/www.kinderarzt-leoben.at\/mobile\/?page_id=128","title":{"rendered":"Terminbuchen"},"content":{"rendered":"<div class=\"wmffcontainer\"><div class=\"wmffrow\"><div class=\"wmffcol-lg-12\">\n<p style=\"text-align: center;\"><div class=\"wmf_separator separator_center \"><div style=\"font-size:24px\"><strong>Terminvereinbarung<\/strong><\/div><\/div>\n<p style=\"text-align: justify;\">Hier haben Sie die M\u00f6glichkeit Ihre Telefonnummer bekannt zu geben, wir rufen Sie verl\u00e4sslich innerhalb von 2 Werktagen zur\u00fcck. In dringenden F\u00e4llen melden wir uns am selben Tag, sofern die Email w\u00e4hrend der offiziellen Ordinationszeiten einlangt. Wir m\u00f6chten darauf hinweisen, dass dieses Kontaktformular weder f\u00fcr Ferndiagnosen noch als Hilfe bei Akutf\u00e4llen geeignet ist. Bei Notf\u00e4llen alarmieren Sie die Rettung oder suchen Sie umgehend ein Krankenhaus auf!<\/p>\n\n<div class=\"wmf_separator separator_left \"><div style=\"font-size:14px\">Formular<\/div><\/div>\n<p>\n<div class=\"wpcf7 no-js\" id=\"wpcf7-f1142-o1\" lang=\"de-DE\" dir=\"ltr\">\n<div class=\"screen-reader-response\"><p role=\"status\" aria-live=\"polite\" aria-atomic=\"true\"><\/p> <ul><\/ul><\/div>\n<form action=\"\/mobile\/index.php?rest_route=%2Fwp%2Fv2%2Fpages%2F128#wpcf7-f1142-o1\" method=\"post\" class=\"wpcf7-form init\" aria-label=\"Kontaktformular\" novalidate=\"novalidate\" data-status=\"init\">\n<div style=\"display: none;\">\n<input type=\"hidden\" name=\"_wpcf7\" value=\"1142\" \/>\n<input type=\"hidden\" name=\"_wpcf7_version\" value=\"5.8.2\" \/>\n<input type=\"hidden\" name=\"_wpcf7_locale\" value=\"de_DE\" \/>\n<input type=\"hidden\" name=\"_wpcf7_unit_tag\" value=\"wpcf7-f1142-o1\" \/>\n<input type=\"hidden\" name=\"_wpcf7_container_post\" value=\"0\" \/>\n<input type=\"hidden\" name=\"_wpcf7_posted_data_hash\" value=\"\" \/>\n<\/div>\n<p>Ihr Name (Pflicht)\n<\/p>\n<p><span class=\"wpcf7-form-control-wrap\" data-name=\"your-name\"><input size=\"40\" class=\"wpcf7-form-control wpcf7-text wpcf7-validates-as-required\" aria-required=\"true\" aria-invalid=\"false\" value=\"\" type=\"text\" name=\"your-name\" \/><\/span>\n<\/p>\n<p>Ihre Email (Pflicht)\n<\/p>\n<p><span class=\"wpcf7-form-control-wrap\" data-name=\"your-email\"><input size=\"40\" class=\"wpcf7-form-control wpcf7-email wpcf7-validates-as-required wpcf7-text wpcf7-validates-as-email\" aria-required=\"true\" aria-invalid=\"false\" value=\"\" type=\"email\" name=\"your-email\" \/><\/span>\n<\/p>\n<p> Ihre Telefonnummer (Pflicht)\n<\/p>\n<p><span class=\"wpcf7-form-control-wrap\" data-name=\"your-phone\"><input size=\"40\" class=\"wpcf7-form-control wpcf7-tel wpcf7-validates-as-required wpcf7-text wpcf7-validates-as-tel\" aria-required=\"true\" aria-invalid=\"false\" value=\"\" type=\"tel\" name=\"your-phone\" \/><\/span>\n<\/p>\n<p>Ihre Nachricht\n<\/p>\n<p><span class=\"wpcf7-form-control-wrap\" data-name=\"your-message\"><textarea cols=\"40\" rows=\"10\" class=\"wpcf7-form-control wpcf7-textarea\" aria-invalid=\"false\" name=\"your-message\"><\/textarea><\/span>\n<\/p>\n<p><span class=\"wpcf7-form-control-wrap\" data-name=\"DSGVO\"><span class=\"wpcf7-form-control wpcf7-checkbox wpcf7-validates-as-required\"><span class=\"wpcf7-list-item first last\"><input type=\"checkbox\" name=\"DSGVO[]\" value=\"Ich habe die Datenschutzerkl\u00e4rung gelesen und akzeptiere die Verarbeitung meiner Daten.\" \/><span class=\"wpcf7-list-item-label\">Ich habe die Datenschutzerkl\u00e4rung gelesen und akzeptiere die Verarbeitung meiner Daten.<\/span><\/span><\/span><\/span><a href=\"http:\/\/www.kinderarzt-leoben.at\/mobile\/?page_id=1208\">DATENSCHUTZERKL\u00c4RUNG<\/a>\n<\/p>\n<p><input class=\"wpcf7-form-control wpcf7-submit has-spinner\" type=\"submit\" value=\"Senden\" \/>\n<\/p><div class=\"wpcf7-response-output\" aria-hidden=\"true\"><\/div>\n<\/form>\n<\/div>\n<br \/>\n<\/div><\/div><\/div>\n<div class=\"wmffcontainer\"><div class=\"wmffrow\">\n<div class=\"wmffcol-lg-12\"><\/div>\n<p>&nbsp;<\/p>\n<\/div><\/div>\n","protected":false},"excerpt":{"rendered":"","protected":false},"author":3,"featured_media":0,"parent":0,"menu_order":0,"comment_status":"open","ping_status":"open","template":"","meta":[],"acf":[],"_links":{"self":[{"href":"https:\/\/www.kinderarzt-leoben.at\/mobile\/index.php?rest_route=\/wp\/v2\/pages\/128"}],"collection":[{"href":"https:\/\/www.kinderarzt-leoben.at\/mobile\/index.php?rest_route=\/wp\/v2\/pages"}],"about":[{"href":"https:\/\/www.kinderarzt-leoben.at\/mobile\/index.php?rest_route=\/wp\/v2\/types\/page"}],"author":[{"embeddable":true,"href":"https:\/\/www.kinderarzt-leoben.at\/mobile\/index.php?rest_route=\/wp\/v2\/users\/3"}],"replies":[{"embeddable":true,"href":"https:\/\/www.kinderarzt-leoben.at\/mobile\/index.php?rest_route=%2Fwp%2Fv2%2Fcomments&post=128"}],"version-history":[{"count":14,"href":"https:\/\/www.kinderarzt-leoben.at\/mobile\/index.php?rest_route=\/wp\/v2\/pages\/128\/revisions"}],"predecessor-version":[{"id":1469,"href":"https:\/\/www.kinderarzt-leoben.at\/mobile\/index.php?rest_route=\/wp\/v2\/pages\/128\/revisions\/1469"}],"wp:attachment":[{"href":"https:\/\/www.kinderarzt-leoben.at\/mobile\/index.php?rest_route=%2Fwp%2Fv2%2Fmedia&parent=128"}],"curies":[{"name":"wp","href":"https:\/\/api.w.org\/{rel}","templated":true}]}}