{"id":124,"date":"2013-10-01T21:52:20","date_gmt":"2013-10-01T21:52:20","guid":{"rendered":"http:\/\/mobili.webbudesign.com\/?page_id=124"},"modified":"2026-02-22T16:33:28","modified_gmt":"2026-02-22T16:33:28","slug":"my-twitter-feeds","status":"publish","type":"page","link":"https:\/\/www.kinderarzt-leoben.at\/mobile\/?page_id=124","title":{"rendered":"Neuigkeiten"},"content":{"rendered":"<p>Erstuntersuchungen f\u00fcr Mutter-Kind-Pass werden uneingeschr\u00e4nkt aufgenommen.<\/p>\n<p>&nbsp;<\/p>\n<p>Um etwaigen Ger\u00fcchten entgegenzutreten: eine Fr\u00fch &#8211; Pensionierung und Schlie\u00dfung der Ordination ist unsererseits in den n\u00e4chsten Jahren nicht geplant!!<\/p>\n<p>&nbsp;<\/p>\n<p>NEU: Seit wenigen Jahren setze ich eine Behandlung f\u00fcr Dellwarzen, \u201egemeine Warzen\u201c und gutartige Hautanh\u00e4ngsel mittels K\u00e4ltetherapie (Cryopen) ein. Es wird 2 x hintereinander f\u00fcr wenige Sekunden vereist und die Dellwarzen verschwinden in 2-3 Wochen. Bei anderen Formen muss man die Behandlung ein paar Mal wiederholen. Mit Vorbehandlung ist die Therapie fast schmerzlos. Anmeldung bitte \u00fcber die Homepage.<\/p>\n","protected":false},"excerpt":{"rendered":"<p>Erstuntersuchungen f\u00fcr Mutter-Kind-Pass werden uneingeschr\u00e4nkt aufgenommen. &nbsp; Um etwaigen Ger\u00fcchten entgegenzutreten: eine Fr\u00fch &#8211; Pensionierung und Schlie\u00dfung der Ordination ist unsererseits in den n\u00e4chsten Jahren nicht geplant!! &nbsp; NEU: Seit wenigen Jahren setze ich eine Behandlung f\u00fcr Dellwarzen, \u201egemeine Warzen\u201c und gutartige Hautanh\u00e4ngsel mittels K\u00e4ltetherapie (Cryopen) ein. Es wird 2 x hintereinander f\u00fcr wenige Sekunden&#8230; <a class=\"view-article\" href=\"https:\/\/www.kinderarzt-leoben.at\/mobile\/?page_id=124\">View Article<\/a><\/p>\n","protected":false},"author":3,"featured_media":0,"parent":0,"menu_order":0,"comment_status":"open","ping_status":"open","template":"","meta":[],"acf":[],"_links":{"self":[{"href":"https:\/\/www.kinderarzt-leoben.at\/mobile\/index.php?rest_route=\/wp\/v2\/pages\/124"}],"collection":[{"href":"https:\/\/www.kinderarzt-leoben.at\/mobile\/index.php?rest_route=\/wp\/v2\/pages"}],"about":[{"href":"https:\/\/www.kinderarzt-leoben.at\/mobile\/index.php?rest_route=\/wp\/v2\/types\/page"}],"author":[{"embeddable":true,"href":"https:\/\/www.kinderarzt-leoben.at\/mobile\/index.php?rest_route=\/wp\/v2\/users\/3"}],"replies":[{"embeddable":true,"href":"https:\/\/www.kinderarzt-leoben.at\/mobile\/index.php?rest_route=%2Fwp%2Fv2%2Fcomments&post=124"}],"version-history":[{"count":58,"href":"https:\/\/www.kinderarzt-leoben.at\/mobile\/index.php?rest_route=\/wp\/v2\/pages\/124\/revisions"}],"predecessor-version":[{"id":1518,"href":"https:\/\/www.kinderarzt-leoben.at\/mobile\/index.php?rest_route=\/wp\/v2\/pages\/124\/revisions\/1518"}],"wp:attachment":[{"href":"https:\/\/www.kinderarzt-leoben.at\/mobile\/index.php?rest_route=%2Fwp%2Fv2%2Fmedia&parent=124"}],"curies":[{"name":"wp","href":"https:\/\/api.w.org\/{rel}","templated":true}]}}